{"id":325,"date":"2018-02-05T11:48:01","date_gmt":"2018-02-05T11:48:01","guid":{"rendered":"https:\/\/kelly.kendytheme.net\/?page_id=51"},"modified":"2025-06-06T23:05:01","modified_gmt":"2025-06-06T23:05:01","slug":"bio","status":"publish","type":"page","link":"https:\/\/www.gustavovillegas.com\/spanish\/bio\/","title":{"rendered":"Bio"},"content":{"rendered":"<p><img loading=\"lazy\" decoding=\"async\" class=\"alignnone size-full wp-image-678\" src=\"https:\/\/www.gustavovillegas.com\/spanish\/wp-content\/uploads\/2025\/06\/IMG_1603_RH-by-dani-600x600-1.jpg\" alt=\"\" width=\"600\" height=\"600\" srcset=\"https:\/\/www.gustavovillegas.com\/spanish\/wp-content\/uploads\/2025\/06\/IMG_1603_RH-by-dani-600x600-1.jpg 600w, https:\/\/www.gustavovillegas.com\/spanish\/wp-content\/uploads\/2025\/06\/IMG_1603_RH-by-dani-600x600-1-300x300.jpg 300w, https:\/\/www.gustavovillegas.com\/spanish\/wp-content\/uploads\/2025\/06\/IMG_1603_RH-by-dani-600x600-1-150x150.jpg 150w\" sizes=\"auto, (max-width: 600px) 100vw, 600px\" \/><br \/>\n<strong>Gustavo Villegas<\/strong> (M\u00e9xico, 1976)<\/p>\n<p>Estudi\u00f3 Dise\u00f1o Gr\u00e1fico en la Universidad del Valle de M\u00e9xico y Pintura en la Universidad Aut\u00f3noma de Quer\u00e9taro. Ha recibido diversos est\u00edmulos como el <strong>Sistema Nacional de Creadores de Arte<\/strong> (FONCA, CDMX 2013-2015), el <strong>Programa J\u00f3venes Creadores<\/strong> (FONCA, CDMX 2010-2011) y el <strong>Programa Creadores con Trayectoria<\/strong> (PECDA- Programa de Est\u00edmulos a la Creaci\u00f3n y Desarrollo Art\u00edstico, Instituto Queretano para la Cultura\u00a0y las Artes, 2012-2013); asimismo ha sido artista residente en <strong>Artists in Residence Air-Montreux<\/strong> (Montreux, Suiza, 2018), <strong>Millay Colony for the Arts Residency Program<\/strong> (Nueva York, EUA, 2014), <strong>The Why Not Place, Religare Arts Residency Program<\/strong> (Nueva Delhi, India, 2011), <strong>Djerassi Resident Artists Program<\/strong> (California, EUA, 2010) y <strong>Centro Banff\u00a0para las Artes y la Creatividad<\/strong> (Alberta, Canad\u00e1, 2008). Entre los reconocimientos que ha obtenido destacan el 1er lugar <strong>Bienal Nacional de Pintura Julio Castillo<\/strong> (Quer\u00e9taro, 2019), 1er lugar <strong>Premio Centro-Occidente de Pintura Jos\u00e9 y Tom\u00e1s Ch\u00e1vez Morado<\/strong> (Guanajuato, 2016), el Premio del P\u00fablico en la <strong>XI Bienal Monterrey FEMSA<\/strong> (Monterrey, 2014),\u00a0Menci\u00f3n Honor\u00edfica en la <strong>Sexta Bienal Nacional de Artes Visuales Miradas<\/strong> (Tijuana, 2014), el Premio de Adquisici\u00f3n <strong>Artemergente, Bienal Nacional Monterrey<\/strong> (Monterrey, 2006) y el Primer Lugar en la <strong>Bienal Nacional de Pintura Julio Castillo<\/strong> (Quer\u00e9taro, 2008). Su obra ha participado en las exposiciones individuales recientes <strong>\u201cR\u00e9cits sur l\u2019impermanence\u201d<\/strong> Maison Visinad, (Montreux, Suiza 2018), <strong>\u201cRelatos de una destrucci\u00f3n\u201d<\/strong> Galer\u00eda Libertad (Quer\u00e9taro,\u00a02018), <strong>\u201cOmega\u201d<\/strong> Galer\u00eda Heart Ego (Monterrey, 2017), as\u00ed como en las exposiciones colectivas <strong>\u201cExposici\u00f3n Inaugural MACQ\u201d<\/strong> (Museo de Arte Contempor\u00e1neo Quer\u00e9taro, 2018), <strong>\u201cXVII Bienal de Pintura Rufino Tamayo\u201d<\/strong> \u201cMuseo Tamayo Arte Contemporaneo y MACO Museo de Arte Contempo\u00e1neo Oaxaca (CDMX y Oaxaca 2016), <strong>\u201cThe Future is Unwritten.\u00a0Contemporary Artists from Mexico\u201d<\/strong> (Colecci\u00f3n Luciano Benetton, Venecia, Italia, 2015), <strong>\u201cCUADRO. Gu\u00eda y Sal\u00f3n de Artistas Emergentes\u201d<\/strong> (Ciudad de M\u00e9xico, 2009 y 2010) y se ha publicado en <strong>\u201cmART. Artistas Emergentes para Nuevos Coleccionistas\u201d<\/strong> (Editorial Cuarta Pared, Ciudad de M\u00e9xico, 2007). En 2017 se edit\u00f3 la primer antolog\u00eda de su obra, <strong>\u201cSobre\u00a0la p\u00e9rdida\u201d<\/strong> (Secretar\u00eda de Cultura, Quer\u00e9taro).<\/p>\n","protected":false},"excerpt":{"rendered":"<p>Gustavo Villegas (M\u00e9xico, 1976) Estudi\u00f3 Dise\u00f1o Gr\u00e1fico en la Universidad del Valle de M\u00e9xico y Pintura en la Universidad Aut\u00f3noma de Quer\u00e9taro. Ha recibido diversos est\u00edmulos como el Sistema Nacional de Creadores de Arte (FONCA, CDMX 2013-2015), el Programa J\u00f3venes Creadores (FONCA, CDMX 2010-2011) y el Programa Creadores con Trayectoria (PECDA- Programa de Est\u00edmulos a [&hellip;]<\/p>\n","protected":false},"author":1,"featured_media":322,"parent":0,"menu_order":0,"comment_status":"closed","ping_status":"closed","template":"","meta":{"footnotes":""},"class_list":["post-325","page","type-page","status-publish","has-post-thumbnail","hentry"],"_links":{"self":[{"href":"https:\/\/www.gustavovillegas.com\/spanish\/wp-json\/wp\/v2\/pages\/325","targetHints":{"allow":["GET"]}}],"collection":[{"href":"https:\/\/www.gustavovillegas.com\/spanish\/wp-json\/wp\/v2\/pages"}],"about":[{"href":"https:\/\/www.gustavovillegas.com\/spanish\/wp-json\/wp\/v2\/types\/page"}],"author":[{"embeddable":true,"href":"https:\/\/www.gustavovillegas.com\/spanish\/wp-json\/wp\/v2\/users\/1"}],"replies":[{"embeddable":true,"href":"https:\/\/www.gustavovillegas.com\/spanish\/wp-json\/wp\/v2\/comments?post=325"}],"version-history":[{"count":4,"href":"https:\/\/www.gustavovillegas.com\/spanish\/wp-json\/wp\/v2\/pages\/325\/revisions"}],"predecessor-version":[{"id":679,"href":"https:\/\/www.gustavovillegas.com\/spanish\/wp-json\/wp\/v2\/pages\/325\/revisions\/679"}],"wp:featuredmedia":[{"embeddable":true,"href":"https:\/\/www.gustavovillegas.com\/spanish\/wp-json\/wp\/v2\/media\/322"}],"wp:attachment":[{"href":"https:\/\/www.gustavovillegas.com\/spanish\/wp-json\/wp\/v2\/media?parent=325"}],"curies":[{"name":"wp","href":"https:\/\/api.w.org\/{rel}","templated":true}]}}

<p><img loading="lazy" decoding="async" class="alignnone size-full wp-image-678" src="https://www.gustavovillegas.com/spanish/wp-content/uploads/2025/06/IMG_1603_RH-by-dani-600x600-1.jpg" alt="" width="600" height="600" srcset="https://www.gustavovillegas.com/spanish/wp-content/uploads/2025/06/IMG_1603_RH-by-dani-600x600-1.jpg 600w, https://www.gustavovillegas.com/spanish/wp-content/uploads/2025/06/IMG_1603_RH-by-dani-600x600-1-300x300.jpg 300w, https://www.gustavovillegas.com/spanish/wp-content/uploads/2025/06/IMG_1603_RH-by-dani-600x600-1-150x150.jpg 150w" sizes="auto, (max-width: 600px) 100vw, 600px" /><br />
<strong>Gustavo Villegas</strong> (México, 1976)</p>
<p>Estudió Diseño Gráfico en la Universidad del Valle de México y Pintura en la Universidad Autónoma de Querétaro. Ha recibido diversos estímulos como el <strong>Sistema Nacional de Creadores de Arte</strong> (FONCA, CDMX 2013-2015), el <strong>Programa Jóvenes Creadores</strong> (FONCA, CDMX 2010-2011) y el <strong>Programa Creadores con Trayectoria</strong> (PECDA- Programa de Estímulos a la Creación y Desarrollo Artístico, Instituto Queretano para la Cultura y las Artes, 2012-2013); asimismo ha sido artista residente en <strong>Artists in Residence Air-Montreux</strong> (Montreux, Suiza, 2018), <strong>Millay Colony for the Arts Residency Program</strong> (Nueva York, EUA, 2014), <strong>The Why Not Place, Religare Arts Residency Program</strong> (Nueva Delhi, India, 2011), <strong>Djerassi Resident Artists Program</strong> (California, EUA, 2010) y <strong>Centro Banff para las Artes y la Creatividad</strong> (Alberta, Canadá, 2008). Entre los reconocimientos que ha obtenido destacan el 1er lugar <strong>Bienal Nacional de Pintura Julio Castillo</strong> (Querétaro, 2019), 1er lugar <strong>Premio Centro-Occidente de Pintura José y Tomás Chávez Morado</strong> (Guanajuato, 2016), el Premio del Público en la <strong>XI Bienal Monterrey FEMSA</strong> (Monterrey, 2014), Mención Honorífica en la <strong>Sexta Bienal Nacional de Artes Visuales Miradas</strong> (Tijuana, 2014), el Premio de Adquisición <strong>Artemergente, Bienal Nacional Monterrey</strong> (Monterrey, 2006) y el Primer Lugar en la <strong>Bienal Nacional de Pintura Julio Castillo</strong> (Querétaro, 2008). Su obra ha participado en las exposiciones individuales recientes <strong>“Récits sur l’impermanence”</strong> Maison Visinad, (Montreux, Suiza 2018), <strong>“Relatos de una destrucción”</strong> Galería Libertad (Querétaro, 2018), <strong>“Omega”</strong> Galería Heart Ego (Monterrey, 2017), así como en las exposiciones colectivas <strong>“Exposición Inaugural MACQ”</strong> (Museo de Arte Contemporáneo Querétaro, 2018), <strong>“XVII Bienal de Pintura Rufino Tamayo”</strong> “Museo Tamayo Arte Contemporaneo y MACO Museo de Arte Contempoáneo Oaxaca (CDMX y Oaxaca 2016), <strong>“The Future is Unwritten. Contemporary Artists from Mexico”</strong> (Colección Luciano Benetton, Venecia, Italia, 2015), <strong>“CUADRO. Guía y Salón de Artistas Emergentes”</strong> (Ciudad de México, 2009 y 2010) y se ha publicado en <strong>“mART. Artistas Emergentes para Nuevos Coleccionistas”</strong> (Editorial Cuarta Pared, Ciudad de México, 2007). En 2017 se editó la primer antología de su obra, <strong>“Sobre la pérdida”</strong> (Secretaría de Cultura, Querétaro).</p>

<p>Gustavo Villegas (México, 1976) Estudió Diseño Gráfico en la Universidad del Valle de México y Pintura en la Universidad Autónoma de Querétaro. Ha recibido diversos estímulos como el Sistema Nacional de Creadores de Arte (FONCA, CDMX 2013-2015), el Programa Jóvenes Creadores (FONCA, CDMX 2010-2011) y el Programa Creadores con Trayectoria (PECDA- Programa de Estímulos a [&hellip;]</p>
